or of 36697?
False
Does 67 divide 11150609?
True
Does 113 divide 198980?
False
Is 6 a factor of 926052?
True
Is 2796360 a multiple of 14?
True
Is 283 a factor of 185445?
False
Is 480558 a multiple of 366?
True
Does 146 divide 25489?
False
Is 2 a factor of 115613?
False
Does 11 divide 251167?
False
Is 1155840 a multiple of 960?
True
Does 439 divide 267486?
False
Does 313 divide 389492?
False
Is 18205642 a multiple of 67?
True
Does 4 divide 80469?
False
Does 624 divide 162240?
True
Is 50 a factor of 769884?
False
Is 85681 a multiple of 33?
False
Is 268851 a multiple of 33?
True
Does 12 divide 5390?
False
Is 10 a factor of 1070756?
False
Is 21301 a multiple of 6?
False
Is 16 a factor of 12129?
False
Is 19 a factor of 854329?
False
Is 137 a factor of 1160390?
True
Is 144 a factor of 1328095?
False
Is 2 a factor of 7134?
True
Does 22 divide 142087?
False
Is 22 a factor of 998174?
False
Does 185 divide 135235?
True
Is 35 a factor of 7486465?
True
Is 607 a factor of 2058092?
False
Is 245 a factor of 657580?
True
Is 10 a factor of 2187973?
False
Does 46 divide 77142?
True
Is 14 a factor of 27734?
True
Is 261 a factor of 1389398?
False
Is 7984 a multiple of 68?
False
Is 2442276 a multiple of 242?
False
Is 397 a factor of 1368182?
False
Is 7 a factor of 39235?
True
Does 29 divide 27645?
False
Is 72 a factor of 6432768?
True
Is 226398 a multiple of 2?
True
Is 206 a factor of 24396278?
False
Is 7937402 a multiple of 18?
False
Is 4 a factor of 1488868?
True
Is 16906750 a multiple of 14?
True
Does 118 divide 101461?
False
Does 20 divide 28190700?
True
Is 102960 a multiple of 312?
True
Does 848 divide 658380?
False
Does 756 divide 149196?
False
Does 545 divide 13677320?
True
Is 4363488 a multiple of 144?
True
Does 100 divide 3623200?
True
Does 16 divide 7165008?
True
Is 482876 a multiple of 122?
True
Is 17750 a multiple of 270?
False
Is 103222 a multiple of 9?
False
Is 25 a factor of 42950?
True
Is 16 a factor of 1737872?
True
Is 165 a factor of 755205?
True
Is 150 a factor of 1899069?
False
Does 28 divide 2972404?
False
Does 22 divide 105908?
True
Is 115566 a multiple of 618?
True
Is 64 a factor of 713408?
True
Is 8 a factor of 90135?
False
Is 320 a factor of 418880?
True
Does 9 divide 544553?
False
Does 469 divide 3982030?
False
Does 2 divide 650193?
False
Is 7 a factor of 111692?
True
Does 70 divide 154840?
True
Is 801 a factor of 829206?
False
Is 55859 a multiple of 9?
False
Does 6 divide 112974?
True
Does 18 divide 1353919?
False
Is 98 a factor of 3712436?
True
Is 15 a factor of 186090?
True
Is 17 a factor of 179533?
False
Does 57 divide 103430?
False
Is 15 a factor of 20010?
True
Is 163806 a multiple of 46?
True
Does 21 divide 557069?
False
Is 506435 a multiple of 213?
False
Is 18458 a multiple of 8?
False
Is 32 a factor of 38154?
False
Does 14 divide 1138742?
False
Is 38669 a multiple of 7?
False
Does 15 divide 342315?
True
Is 255 a factor of 4243447?
False
Does 201 divide 312973?
False
Is 18 a factor of 175034?
False
Is 297045 a multiple of 207?
True
Is 4673746 a multiple of 682?
True
Is 112 a factor of 914950?
False
Is 2682 a factor of 2265594?
False
Is 1175695 a multiple of 42?
False
Does 195 divide 3143382?
False
Is 2 a factor of 2838?
True
Is 878 a factor of 1488751?
False
Does 21 divide 791475?
False
Does 36 divide 243979?
False
Is 31 a factor of 1362994?
False
Is 31056 a multiple of 186?
False
Is 4582539 a multiple of 17?
False
Does 146 divide 97528?
True
Is 354 a factor of 103309?
False
Is 5873 a multiple of 2?
False
Does 3 divide 539643?
True
Is 243 a factor of 1344625?
False
Is 6 a factor of 2009648?
False
Is 27 a factor of 9334908?
False
Is 1322632 a multiple of 108?
False
Is 50078 even?
True
Is 3664730 a multiple of 58?
True
Is 73022 a multiple of 260?
False
Is 223773 a multiple of 291?
False
Is 631206 a multiple of 6?
True
Is 446 a factor of 647517?
False
Is 335 a factor of 2602615?
True
Is 73454 a multiple of 249?
False
Is 5762773 a multiple of 9?
False
Does 1360 divide 3592701?
False
Does 783 divide 11609249?
False
Does 340 divide 335953?
False
Does 380 divide 1289232?
False
Does 14 divide 8233162?
True
Is 393870 a multiple of 15?
True
Is 284443 a multiple of 186?
False
Does 12 divide 1340761?
False
Is 950586 a multiple of 182?
True
Is 17357157 a multiple of 1232?
False
Is 4300 a multiple of 10?
True
Is 2 a factor of 85872?
True
Does 229 divide 103279?
True
Does 27 divide 3123522?
True
Is 4930120 a multiple of 494?
True
Does 139 divide 3038601?
False
Does 33 divide 129486?
False
Is 163235 a multiple of 59?
False
Does 360 divide 571071?
False
Is 96 a factor of 152064?
True
Is 272475 a multiple of 225?
True
Is 80 a factor of 1078670?
False
Does 5 divide 72805?
True
Is 143170 a multiple of 2?
True
Is 5677250 a multiple of 156?
False
Is 30 a factor of 431190?
True
Does 4 divide 1294633?
False
Does 3 divide 1679016?
True
Is 9534171 a multiple of 811?
False
Is 2306528 a multiple of 28?
True
Does 17 divide 212245?
True
Is 8 a factor of 1081392?
True
Is 106706 even?
True
Is 10306464 a multiple of 10?
False
Does 4 divide 195966?
False
Is 3 a factor of 603004?
False
Does 72 divide 1944?
True
Is 41778 a multiple of 13?
False
Does 333 divide 119214?
True
Does 299 divide 601314?
False
Is 312022 a multiple of 253?
False
Is 56550 a multiple of 13?
True
Is 6176730 a multiple of 469?
True
Is 131 a factor of 390970?
False
Is 10 a factor of 80860?
True
Does 449 divide 3341501?
False
Is 3920928 a multiple of 1878?
False
Is 12 a factor of 439152?
True
Is 559107 a multiple of 35?
False
Does 104 divide 458145?
False
Is 18 a factor of 9499?
False
Is 13 a factor of 263223?
False
Is 40530 a multiple of 15?
True
Is 96 a factor of 59829?
False
Does 8 divide 666884?
False
Is 225 a factor of 82575?
True
Is 28 a factor of 3983364?
True
Does 237 divide 231312?
True
Is 27 a factor of 273025?
False
Is 100 a factor of 1047702?
False
Is 271049 a multiple of 272?
False
Is 365679 a multiple of 41?
True
Is 318 a factor of 418853?
False
Is 306038 a multiple of 68?
False
Does 5 divide 52916?
False
Is 171886 a multiple of 212?
False
Is 5947082 a multiple of 118?
True
Does 9 divide 140884?
False
Does 379 divide 2626111?
False
Does 14 divide 1921526?
False
Is 109572 a multiple of 6?
True
Is 131 a factor of 345101?
False
Is 232 a factor of 4696376?
True
Is 41 a factor of 51455?
True
Is 77 a factor of 1019634?
True
Is 199 a factor of 44535?
False
Is 186 a factor of 64604?
False
Is 254145 a multiple of 10?
False
Is 456 a factor of 15785?
False
Is 32 a factor of 38848?
True
Is 257 a factor of 8612763?
False
Is 1866 a factor of 5935746?
True
Is 14 a factor of 126124?
False
Is 8006615 a multiple of 2388?
False
Is 6 a factor of 93394?
False
Is 322279 a multiple of 45?
False
Does 20 divide 53600?
True
Does 58 divide 185078?
True
Is 266596 a multiple of 11?
True
Is 67 a factor of 594893?
True
Is 53 a factor of 145753?
False
Does 135 divide 189945?
True
Is 477425 a multiple of 169?
True
Does 492 divide 685145?
False
Is 178112 a multiple of 29?
False
Is 401 even?
False
Is 344 a factor of 992096?
True
Does 8 divide 607134?
False
Is 2651433 a multiple of 436?
False
Is 16 a factor of 113620?
False
Is 7 a factor of 37004?
False
Is 25 a factor of 45697?
False
Does 24 divide 4480416?
True
Does 104 divide 108992?
True
Is 20947594 a multiple of 14?
False
Is 54 a factor of 2791800?
True
Is 44 a factor of 1694176?
True
Is 383 a factor of 8217495?
False
Is 31 a factor of 187023?
True
Does 11 divide 224466?
True
Is 14 a factor of 22466615?
False
Is 9301806 a multiple of 96?
False
Is 646487 a multiple of 520?
False
Is 6 a factor of 90354?
True
Does 4 divide 746990?
False
Is 1278 a multiple of 15?
False
Does 29 divide 2690765?
True
Is 4102995 a multiple of 345?
False
Does 52 divide 17784?
True
Does 217 divide 190960?
True
Does 37 divide 85665?
False
Does 14 divide 1687350?
True
Does 3 divide 49392?
True
Is 15 a factor of 287460?
True
Does 7 divide 1254580?
False
Is 128281 a multiple of 163?
True
Does 6 divide 399572?
False
Is 49 a factor of 979421?
False
Is 125112 a multiple of 24?
True
Is 205 a factor of 83289?
False
Does 181 divide 472772?
True
Does 152 divide 6387344?
True
Does 4 divide 90635?
False
Is 42 a factor of 712320?
True
Is 41 a factor of 744191?
True
Does 20 divide 72139?
False
Is 41 a 